
2, 151, 163
What are the prime factors of 1632?
2, 3, 17
What are the prime factors of 36787?
36787
What are the prime factors of 17186?
2, 13, 661
List the prime factors of 64898.
2, 37, 877
List the prime factors of 3090.
2, 3, 5, 103
List the prime factors of 877.
877
What are the prime factors of 5893?
71, 83
What are the prime factors of 2473?
2473
List the prime factors of 22338.
2, 3, 17, 73
List the prime factors of 11291.
7, 1613
List the prime factors of 2867.
47, 61
What are the prime factors of 3108?
2, 3, 7, 37
What are the prime factors of 3880?
2, 5, 97
What are the prime factors of 73260?
2, 3, 5, 11, 37
List the prime factors of 14214.
2, 3, 23, 103
List the prime factors of 7.
7
List the prime factors of 92928.
2, 3, 11
What are the prime factors of 32220?
2, 3, 5, 179
What are the prime factors of 17739?
3, 73
What are the prime factors of 107027?
19, 43, 131
What are the prime factors of 2384?
2, 149
What are the prime factors of 141212?
2, 43, 821
List the prime factors of 22309.
7, 3187
What are the prime factors of 5751?
3, 71
What are the prime factors of 3492?
2, 3, 97
What are the prime factors of 87011?
87011
What are the prime factors of 6504?
2, 3, 271
What are the prime factors of 12216?
2, 3, 509
What are the prime factors of 133985?
5, 127, 211
List the prime factors of 63160.
2, 5, 1579
What are the prime factors of 950?
2, 5, 19
What are the prime factors of 3510?
2, 3, 5, 13
List the prime factors of 2991.
3, 997
What are the prime factors of 15553?
103, 151
What are the prime factors of 79964?
2, 19991
List the prime factors of 44509.
47, 947
What are the prime factors of 21866?
2, 13, 29
What are the prime factors of 16409?
61, 269
List the prime factors of 1073.
29, 37
List the prime factors of 306.
2, 3, 17
List the prime factors of 1530.
2, 3, 5, 17
List the prime factors of 16.
2
What are the prime factors of 49?
7
List the prime factors of 514.
2, 257
What are the prime factors of 8751?
3, 2917
List the prime factors of 544.
2, 17
List the prime factors of 25603.
25603
What are the prime factors of 8464?
2, 23
What are the prime factors of 932?
2, 233
List the prime factors of 115815.
3, 5, 7, 1103
What are the prime factors of 2482?
2, 17, 73
What are the prime factors of 42669?
3, 11, 431
List the prime factors of 1048.
2, 131
What are the prime factors of 187?
11, 17
List the prime factors of 4665.
3, 5, 311
List the prime factors of 66125.
5, 23
What are the prime factors of 34232?
2, 11, 389
List the prime factors of 7310.
2, 5, 17, 43
What are the prime factors of 39?
3, 13
List the prime factors of 6329.
6329
What are the prime factors of 4926?
2, 3, 821
List the prime factors of 624.
2, 3, 13
What are the prime factors of 11473?
7, 11, 149
What are the prime factors of 286?
2, 11, 13
What are the prime factors of 60629?
19, 3191
List the prime factors of 3638.
2, 17, 107
List the prime factors of 479.
479
What are the prime factors of 4174?
2, 2087
List the prime factors of 12650.
2, 5, 11, 23
What are the prime factors of 949?
13, 73
What are the prime factors of 53281?
53281
What are the prime factors of 203014?
2, 7, 17, 853
List the prime factors of 20244.
2, 3, 7, 241
List the prime factors of 1943.
29, 67
List the prime factors of 65331.
3, 7, 17, 61
What are the prime factors of 127?
127
List the prime factors of 989.
23, 43
List the prime factors of 2520.
2, 3, 5, 7
List the prime factors of 5335.
5, 11, 97
List the prime factors of 327.
3, 109
What are the prime factors of 4704?
2, 3, 7
What are the prime factors of 372?
2, 3, 31
What are the prime factors of 2265?
3, 5, 151
List the prime factors of 56544.
2, 3, 19, 31
List the prime factors of 5612.
2, 23, 61
What are the prime factors of 24963?
3, 53, 157
List the prime factors of 1099.
7, 157
List the prime factors of 735.
3, 5, 7
List the prime factors of 61290.
2, 3, 5, 227
List the prime factors of 16506.
2, 3, 7, 131
What are the prime factors of 79863?
3, 7, 3803
What are the prime factors of 58?
2, 29
What are the prime factors of 1788?
2, 3, 149
What are the prime factors of 7892?
2, 1973
What are the prime factors of 20435?
5, 61, 67
List the prime factors of 14974.
2, 7487
List the prime factors of 99343.
41, 2423
What are the prime factors of 8356?
2, 2089
What are the prime factors of 800?
2, 5
List the prime factors of 10558.
2, 5279
List the prime factors of 836.
2, 11, 19
What are the prime factors of 249?
3, 83
What are the prime factors of 67674?
2, 3, 11279
List the prime factors of 6485.
5, 1297
List the prime factors of 1272.
2, 3, 53
List the prime factors of 41.
41
What are the prime factors of 3347?
3347
List the prime factors of 4520.
2, 5, 113
What are the prime factors of 7647?
3, 2549
List the prime factors of 293.
293
List the prime factors of 81357.
3, 47, 577
List the prime factors of 9161.
9161
What are the prime factors of 13417?
13417
List the prime factors of 3141.
3, 349
List the prime factors of 43990.
2, 5, 53, 83
List the prime factors of 26822.
2, 13411
List the prime factors of 18584.
2, 23, 101
What are the prime factors of 14489?
14489
What are the prime factors of 2473?
2473
List the prime factors of 84973.
7, 61, 199
List the prime factors of 8566.
2, 4283
What are the prime factors of 1293?
3, 431
What are the prime factors of 1163?
1163
What are the prime factors of 583?
11, 53
What are the prime factors of 16829?
16829
What are the prime factors of 1802?
2, 17, 53
What are the prime factors of 28801?
83, 347
List the prime factors of 38456.
2, 11, 19, 23
List the prime factors of 1240.
2, 5, 31
List the prime factors of 4096.
2
List the prime factors of 68922.
2, 3, 7, 547
List the prime factors of 18236.
2, 47, 97
What are the prime factors of 1332?
2, 3, 37
What are the prime factors of 12533?
83, 151
List the prime factors of 6010.
2, 5, 601
What are the prime factors of 25605?
3, 5, 569
List the prime factors of 52205.
5, 53, 197
List the prime factors of 17346.
2, 3, 7, 59
What are the prime factors of 3552?
2, 3, 37
List the prime factors of 41133.
3, 13711
List the prime factors of 4902.
2, 3, 19, 43
What are the prime factors of 180?
2, 3, 5
What are the prime factors of 104085?
3, 5, 257
List the prime factors of 3834.
2, 3, 71
List the prime factors of 735.
3, 5, 7
What are the prime factors of 871?
13, 67
What are the prime factors of 20387?
19, 29, 37
List the prime factors of 13105.
5, 2621
List the prime factors of 6185.
5, 1237
List the prime factors of 6951.
3, 7, 331
List the prime factors of 2147.
19, 113
List the prime factors of 77521.
77521
List the prime factors of 66979.
11, 6089
What are the prime factors of 3363?
3, 19, 59
List the prime factors of 2464.
2, 7, 11
What are the prime factors of 86776?
2, 10847
List the prime factors of 66204.
2, 3, 613
What are the prime factors of 24708?
2, 3, 29, 71
List the prime factors of 52616.
2, 6577
List the prime factors of 1197.
3, 7, 19
List the prime factors of 82098.
2, 3, 4561
List the prime factors of 2264.
2, 283
List the prime factors of 3364.
2, 29
What are the prime factors of 1314?
2, 3, 73
List the prime factors of 25213.
19, 1327
What are the prime factors of 4553?
29, 157
What are the prime factors of 5538?
2, 3, 13, 71
What are the prime factors of 2084?
2, 521
List the prime factors of 24989.
24989
List the prime factors of 1062.
2, 3, 59
What are the prime factors of 11476?
2, 19, 151
What are the prime factors of 938?
2, 7, 67
What are the prime factors of 779?
19, 41
List the prime factors of 7281.
3, 809
What are the prime factors of 749?
7, 107
What are the prime factors of 2169?
3, 241
What are the prime factors of 13284?
2, 3, 41
List the prime factors of 15913.
15913
What are the prime factors of 60?
2, 3, 5
What are the prime factors of 850?
2, 5, 17
List the prime factors of 20461.
7, 37, 79
List the prime factors of 5239.
13, 31
What are the prime factors of 23884?
2, 7, 853
List the prime factors of 25177.
17, 1481
List the prime factors of 98367.
3, 32789
What are the prime factors of 3389?
3389
What are the prime factors of 4039?
7, 577
What are the prime factors of 2005?
5, 401
List the prime factors of 78011.
181, 431
List the prime factors of 5169.
3, 1723
What are the prime factors